658?
2, 15329
What are the prime factors of 927?
3, 103
What are the prime factors of 59510?
2, 5, 11, 541
List the prime factors of 160.
2, 5
List the prime factors of 3038.
2, 7, 31
List the prime factors of 20581.
11, 1871
What are the prime factors of 13393?
59, 227
List the prime factors of 151.
151
What are the prime factors of 749?
7, 107
What are the prime factors of 1991?
11, 181
What are the prime factors of 154889?
7, 29, 109
What are the prime factors of 351?
3, 13
List the prime factors of 773.
773
What are the prime factors of 296?
2, 37
List the prime factors of 1803.
3, 601
What are the prime factors of 8080?
2, 5, 101
List the prime factors of 1440.
2, 3, 5
List the prime factors of 1411.
17, 83
List the prime factors of 5108.
2, 1277
What are the prime factors of 45119?
45119
What are the prime factors of 46591?
46591
List the prime factors of 37754.
2, 43, 439
List the prime factors of 14104.
2, 41, 43
What are the prime factors of 15186?
2, 3, 2531
List the prime factors of 1020.
2, 3, 5, 17
What are the prime factors of 2675?
5, 107
What are the prime factors of 4491?
3, 499
What are the prime factors of 3704?
2, 463
What are the prime factors of 321?
3, 107
List the prime factors of 22131.
3, 2459
List the prime factors of 1363.
29, 47
List the prime factors of 39026.
2, 13, 19, 79
List the prime factors of 96025.
5, 23, 167
List the prime factors of 95.
5, 19
What are the prime factors of 1035?
3, 5, 23
What are the prime factors of 8223?
3, 2741
What are the prime factors of 6743?
11, 613
What are the prime factors of 8095?
5, 1619
List the prime factors of 22068.
2, 3, 613
List the prime factors of 1483.
1483
List the prime factors of 6124.
2, 1531
What are the prime factors of 12541?
12541
What are the prime factors of 6319?
71, 89
What are the prime factors of 117227?
11, 10657
List the prime factors of 10267.
10267
What are the prime factors of 181402?
2, 13, 6977
List the prime factors of 4906.
2, 11, 223
What are the prime factors of 10890?
2, 3, 5, 11
What are the prime factors of 13730?
2, 5, 1373
What are the prime factors of 335?
5, 67
What are the prime factors of 12879?
3, 53
What are the prime factors of 1298?
2, 11, 59
What are the prime factors of 18834?
2, 3, 43, 73
List the prime factors of 54636.
2, 3, 29, 157
What are the prime factors of 24157?
7, 17, 29
List the prime factors of 8232.
2, 3, 7
List the prime factors of 6565.
5, 13, 101
What are the prime factors of 749?
7, 107
List the prime factors of 3580.
2, 5, 179
What are the prime factors of 1292?
2, 17, 19
List the prime factors of 1113.
3, 7, 53
List the prime factors of 2568.
2, 3, 107
List the prime factors of 3077.
17, 181
List the prime factors of 4732.
2, 7, 13
What are the prime factors of 3856?
2, 241
List the prime factors of 2019.
3, 673
What are the prime factors of 20914?
2, 10457
What are the prime factors of 9847?
43, 229
List the prime factors of 39219.
3, 17, 769
What are the prime factors of 168853?
19, 8887
List the prime factors of 576.
2, 3
What are the prime factors of 4512?
2, 3, 47
List the prime factors of 987.
3, 7, 47
List the prime factors of 988.
2, 13, 19
List the prime factors of 4796.
2, 11, 109
What are the prime factors of 4354?
2, 7, 311
What are the prime factors of 164?
2, 41
What are the prime factors of 20069?
7, 47, 61
List the prime factors of 32968.
2, 13, 317
List the prime factors of 9707.
17, 571
What are the prime factors of 2060?
2, 5, 103
List the prime factors of 6586.
2, 37, 89
List the prime factors of 56671.
56671
What are the prime factors of 121524?
2, 3, 13, 19, 41
List the prime factors of 8388.
2, 3, 233
What are the prime factors of 1481?
1481
List the prime factors of 706.
2, 353
What are the prime factors of 16986?
2, 3, 19, 149
List the prime factors of 5160.
2, 3, 5, 43
List the prime factors of 793.
13, 61
List the prime factors of 129674.
2, 23, 2819
What are the prime factors of 188?
2, 47
List the prime factors of 11064.
2, 3, 461
What are the prime factors of 15564?
2, 3, 1297
What are the prime factors of 21843?
3, 809
List the prime factors of 33802.
2, 16901
List the prime factors of 679.
7, 97
What are the prime factors of 12210?
2, 3, 5, 11, 37
What are the prime factors of 2950?
2, 5, 59
List the prime factors of 21256.
2, 2657
What are the prime factors of 6232?
2, 19, 41
List the prime factors of 119011.
61, 1951
List the prime factors of 1012.
2, 11, 23
List the prime factors of 47084.
2, 79, 149
List the prime factors of 72303.
3, 7, 11, 313
List the prime factors of 68547.
3, 73, 313
List the prime factors of 1934.
2, 967
What are the prime factors of 1926?
2, 3, 107
List the prime factors of 3619.
7, 11, 47
List the prime factors of 2453.
11, 223
List the prime factors of 14639.
14639
List the prime factors of 53121.
3, 17707
What are the prime factors of 13073?
17, 769
List the prime factors of 5405.
5, 23, 47
List the prime factors of 32053.
7, 19, 241
List the prime factors of 47002.
2, 71, 331
What are the prime factors of 9040?
2, 5, 113
What are the prime factors of 1105?
5, 13, 17
List the prime factors of 2399.
2399
What are the prime factors of 38739?
3, 37, 349
List the prime factors of 2210.
2, 5, 13, 17
List the prime factors of 1887.
3, 17, 37
What are the prime factors of 14296?
2, 1787
List the prime factors of 751.
751
List the prime factors of 110368.
2, 3449
What are the prime factors of 12658?
2, 6329
List the prime factors of 1102.
2, 19, 29
What are the prime factors of 3480?
2, 3, 5, 29
List the prime factors of 1527.
3, 509
What are the prime factors of 2250?
2, 3, 5
List the prime factors of 16770.
2, 3, 5, 13, 43
What are the prime factors of 36077?
43, 839
What are the prime factors of 741?
3, 13, 19
What are the prime factors of 668?
2, 167
List the prime factors of 487.
487
List the prime factors of 14236.
2, 3559
List the prime factors of 4951.
4951
What are the prime factors of 164757?
3, 54919
What are the prime factors of 9149?
7, 1307
List the prime factors of 412.
2, 103
List the prime factors of 49188.
2, 3, 4099
List the prime factors of 11021.
103, 107
What are the prime factors of 10442?
2, 23, 227
List the prime factors of 2608.
2, 163
What are the prime factors of 5958?
2, 3, 331
List the prime factors of 504.
2, 3, 7
List the prime factors of 1732.
2, 433
What are the prime factors of 6212?
2, 1553
List the prime factors of 21330.
2, 3, 5, 79
List the prime factors of 518.
2, 7, 37
List the prime factors of 2023.
7, 17
List the prime factors of 12368.
2, 773
What are the prime factors of 1302?
2, 3, 7, 31
List the prime factors of 2258.
2, 1129
List the prime factors of 9786.
2, 3, 7, 233
List the prime factors of 42751.
42751
List the prime factors of 4253.
4253
List the prime factors of 1266.
2, 3, 211
What are the prime factors of 967?
967
What are the prime factors of 262?
2, 131
What are the prime factors of 14567?
7, 2081
List the prime factors of 8937.
3, 331
What are the prime factors of 6092?
2, 1523
What are the prime factors of 84486?
2, 3, 14081
What are the prime factors of 141346?
2, 29, 2437
What are the prime factors of 62901?
3, 29, 241
What are the prime factors of 2061?
3, 229
What are the prime factors of 1692?
2, 3, 47
List the prime factors of 690.
2, 3, 5, 23
List the prime factors of 15883.
7, 2269
List the prime factors of 44309.
59, 751
What are the prime factors of 516?
2, 3, 43
List the prime factors of 8030.
2, 5, 11, 73
What are the prime factors of 9399?
3, 13, 241
List the prime factors of 2942.
2, 1471
What are the prime factors of 552?
2, 3, 23
List the prime factors of 70064.
2, 29, 151
List the prime factors of 243.
3
List the prime factors of 5667.
3, 1889
What are the prime factors of 1698?
2, 3, 283
List the prime factors of 2074.
2, 17, 61
What are the prime factors of 15427?
15427
List the prime factors of 20261.
20261
What are the prime factors of 110171?
29, 131
What are the prime factors of 4574?
2, 2287
What are the prime factors of 47152?
2, 7, 421
What are the prime factors of 4336?
2, 271
What are the prime factors of 1830?
2, 3, 5, 61
List the prime factors of 76030.
2, 5, 7603
What are the prime factors of 416?
2, 13
What are the prime factors of 1122?
2, 3, 11, 17
List th